4446?
False
Is 31 a factor of 281632?
False
Is 1161 a factor of 14890424?
False
Is 40263 even?
False
Is 28 a factor of 65174?
False
Is 16419 a multiple of 13?
True
Is 398 a factor of 8814762?
False
Is 751840 a multiple of 10?
True
Is 1819203 a multiple of 338?
False
Does 273 divide 878549?
False
Is 86 a factor of 4324248?
False
Is 522 a factor of 55854?
True
Is 18 a factor of 195480?
True
Does 15 divide 200259?
False
Is 37679 a multiple of 44?
False
Is 50 a factor of 118500?
True
Does 75 divide 340650?
True
Does 145 divide 1874415?
True
Is 460115 a multiple of 14?
False
Is 20344979 a multiple of 336?
False
Is 50219 a multiple of 22?
False
Does 20 divide 75336?
False
Is 1043 a factor of 996897?
False
Is 9479261 a multiple of 733?
False
Is 19 a factor of 247741?
True
Is 63 a factor of 236171?
False
Is 18 a factor of 37957183?
False
Is 262 a factor of 370264?
False
Is 71874 a multiple of 7?
False
Does 131 divide 1682031?
False
Does 20 divide 21276100?
True
Does 370 divide 198690?
True
Is 14136 a multiple of 6?
True
Is 1335231 a multiple of 153?
True
Does 130 divide 1359982?
False
Is 192673 a multiple of 4?
False
Is 14 a factor of 1663717?
False
Is 317 a factor of 291730?
False
Does 7 divide 173229?
True
Does 187 divide 6363167?
False
Does 22 divide 263824?
True
Does 7 divide 15135694?
True
Does 14 divide 13155232?
False
Is 59950 a multiple of 218?
True
Does 10 divide 53415?
False
Is 123 a factor of 62115?
True
Is 51169 a multiple of 13?
False
Is 11834250 a multiple of 155?
True
Is 3282648 a multiple of 8?
True
Is 117 a factor of 7320195?
False
Is 42 a factor of 12558?
True
Does 15 divide 3664845?
True
Is 256 a factor of 1707776?
True
Does 60 divide 6091440?
True
Is 859 a factor of 19772462?
True
Is 12 a factor of 2962116?
True
Does 20 divide 425840?
True
Is 108 a factor of 2390688?
True
Does 2 divide 734270?
True
Is 1630650 a multiple of 21?
True
Is 9390136 a multiple of 199?
False
Is 127 a factor of 721741?
True
Is 56 a factor of 57732?
False
Does 194 divide 92538?
True
Is 11 a factor of 881804?
True
Does 44 divide 4014208?
True
Is 94 a factor of 1453334?
True
Is 15 a factor of 311010?
True
Is 12683 a multiple of 11?
True
Does 18 divide 1012983?
False
Is 234295 a multiple of 47?
True
Is 94 a factor of 81686?
True
Is 222 a factor of 252636?
True
Is 15 a factor of 65760?
True
Is 74 a factor of 1375956?
True
Is 2864670 a multiple of 105?
False
Does 40 divide 319947?
False
Is 2595540 a multiple of 724?
True
Is 250080 a multiple of 160?
True
Is 9901268 a multiple of 43?
False
Is 35 a factor of 150431?
False
Is 92 a factor of 1124991?
False
Is 251399 a multiple of 5?
False
Is 216555 a multiple of 66?
False
Does 928 divide 574432?
True
Does 9 divide 973962?
True
Does 202 divide 3035626?
False
Is 11 a factor of 2067901?
True
Does 36 divide 31657?
False
Is 601593 a multiple of 67?
True
Does 392 divide 4376680?
True
Is 8961 a multiple of 87?
True
Is 13 a factor of 2228577?
True
Is 8 a factor of 2701748?
False
Does 2 divide 463172?
True
Does 287 divide 41886?
False
Is 1325475 a multiple of 75?
True
Is 2134086 a multiple of 222?
True
Is 2282912 a multiple of 310?
False
Does 335 divide 1668233?
False
Does 71 divide 1737839?
False
Does 33 divide 140547?
True
Does 53 divide 79208?
False
Does 10 divide 500090?
True
Does 526 divide 156381?
False
Is 3 a factor of 132993?
True
Is 270264 a multiple of 368?
False
Is 217360 a multiple of 1045?
True
Is 208224 a multiple of 24?
True
Is 786 a factor of 1751994?
True
Does 39 divide 4958850?
True
Is 1037400 a multiple of 39?
True
Is 14 a factor of 809237?
False
Is 177630 a multiple of 29?
False
Is 633647 a multiple of 337?
False
Does 10 divide 984231?
False
Does 54 divide 86616?
True
Is 123 a factor of 247617?
False
Is 3566408 a multiple of 2?
True
Is 486200 a multiple of 136?
True
Does 27 divide 96336?
True
Is 19 a factor of 3884987?
True
Is 3880042 a multiple of 233?
False
Is 480690 a multiple of 9?
True
Does 541 divide 230904?
False
Is 4257202 a multiple of 74?
False
Is 34280 a multiple of 4?
True
Is 360571 a multiple of 1403?
True
Does 2 divide 2002986?
True
Is 198802 a multiple of 7?
False
Does 76 divide 33710?
False
Is 411700 a multiple of 27?
False
Is 15055 a multiple of 31?
False
Is 283668 a multiple of 66?
True
Is 21333504 a multiple of 48?
True
Does 5 divide 80482?
False
Is 8 a factor of 918800?
True
Does 4 divide 1134688?
True
Does 463 divide 799601?
True
Does 109 divide 12099?
True
Does 87 divide 67686?
True
Is 6806 a multiple of 41?
True
Is 443846 a multiple of 34?
False
Does 10 divide 2594270?
True
Is 566 a factor of 349559?
False
Is 894348 a multiple of 13?
True
Does 14 divide 5847314?
False
Does 6 divide 193985?
False
Does 17 divide 155839?
True
Is 22 a factor of 27082?
True
Does 13 divide 96304?
True
Is 575905 a multiple of 185?
True
Is 21 a factor of 240513?
True
Does 12 divide 1653024?
True
Is 734052 a multiple of 33?
True
Is 66 a factor of 77022?
True
Does 613 divide 3914005?
True
Is 1194624 a multiple of 1098?
True
Is 317500 a multiple of 240?
False
Is 1288542 a multiple of 254?
True
Does 1615 divide 2099500?
True
Does 31 divide 4420848?
True
Does 37 divide 60865?
True
Is 7599319 a multiple of 91?
True
Is 3269404 a multiple of 11?
False
Does 226 divide 50356?
False
Does 50 divide 2848200?
True
Is 203 a factor of 56028?
True
Is 145459 a multiple of 394?
False
Is 479040 a multiple of 8?
True
Is 23 a factor of 13073210?
False
Is 1414302 a multiple of 9?
False
Does 5 divide 8381310?
True
Does 7 divide 1945699?
True
Is 221494 a multiple of 31?
False
Is 735849 a multiple of 62?
False
Does 291 divide 134151?
True
Does 289 divide 1156?
True
Does 14 divide 156054?
False
Does 413 divide 29467137?
True
Is 192474 a multiple of 15?
False
Does 7 divide 4085651?
False
Does 240 divide 313200?
True
Is 7 a factor of 9599723?
True
Does 24 divide 29241384?
True
Is 408 a factor of 139294?
False
Is 5 a factor of 94417?
False
Does 11 divide 23573?
True
Is 57 a factor of 227085?
False
Is 124890 a multiple of 46?
True
Is 564371 a multiple of 86?
False
Is 570 a factor of 18144810?
True
Is 264 a factor of 2815183?
False
Is 159 a factor of 315385?
False
Is 233776 a multiple of 152?
True
Does 10 divide 15454?
False
Is 17814380 a multiple of 267?
False
Is 138 a factor of 2139843?
False
Does 26 divide 936?
True
Is 6126778 a multiple of 1178?
True
Is 104 a factor of 4015825?
False
Is 2 a factor of 1234372?
True
Is 1738716 a multiple of 180?
False
Is 156 a factor of 482156?
False
Is 40953600 a multiple of 270?
True
Does 406 divide 183106?
True
Does 32 divide 16836512?
True
Does 14 divide 7553?
False
Is 453964 a multiple of 31?
True
Is 24 a factor of 47437?
False
Is 152688 a multiple of 3?
True
Is 2447376 a multiple of 761?
True
Is 20448592 a multiple of 756?
False
Is 1062 a multiple of 3?
True
Is 1077060 a multiple of 87?
True
Does 145 divide 388165?
True
Does 85 divide 143735?
True
Is 33 a factor of 13167?
True
Is 21797 a multiple of 19?
False
Does 527 divide 2817272?
False
Does 440 divide 21092?
False
Does 38 divide 2557248?
True
Does 40 divide 128140?
False
Is 3922416 a multiple of 24?
True
Does 25 divide 134400?
True
Is 82 a factor of 67896?
True
Does 113 divide 466601?
False
Does 36 divide 427458?
False
Does 44 divide 123112?
True
Is 8 a factor of 6391952?
True
Does 13 divide 3217616?
False
Is 1464030 a multiple of 10?
True
Is 49432 a multiple of 148?
True
Does 6 divide 68273?
False
Does 10 divide 854400?
True
Is 97 a factor of 1435128?
False
Does 29 divide 7165871?
True
Is 738135 a multiple of 5?
True
Is 76 a factor of 161597?
False
Is 559337 a multiple of 40?
False
Is 499 a factor of 74850?
True
Is 281 a factor of 8373800?
True
Is 762953 a multiple of 137?
True
Is 28 a factor of 1391697?
False
Is 3 a factor of 191006?
False
Is 59724 a multiple of 237?
True
Is 147180 a multiple of 55?
True
Does 68 divide 1203872?
True
Is 30 a factor of 858437?
False
Is 13 a factor of 150189?
True
Is 1090046 a multiple of 36?
False
Is 524 a factor of 446448?
True
Is 45916 a multiple of 13?
True
Is 305 a factor of 2838940?
True
Does 46 divide 4640066?
True
Does 7 divide 50785?
True
Is 144 a factor of 180432?
True
Is 20 a factor of 39810?
False
Is 2615144 a multiple of 423?
False
Is 14 a factor of 121723?
False
Is 1143 a factor of 6674891?
Fa